 are the prime factors of a?
3
Suppose -o - 5*q = -28, 8 = 5*o + 5*q - 92. List the prime factors of o.
2, 3
Let b = -25 - -36. List the prime factors of b.
11
Suppose -3*f = -5*f + 2. List the prime factors of -1*3*(-1)/f.
3
Suppose -2*a - 2 = -0*a. List the prime factors of 20/(-3)*3*a.
2, 5
Suppose 0*z = z - 52. List the prime factors of z.
2, 13
What are the prime factors of 6/(-9)*102/(-4)?
17
Suppose 0 = 11*u - 12*u + 2. Suppose -63 = -2*g + 4*o + 13, -3*g = u*o - 114. What are the prime factors of g?
2, 19
Let a = 38 - 2. Let w(z) = -z**2 - 6*z + 5. Let t be w(-6). Suppose y - t*y = -a. List the prime factors of y.
3
Suppose -5*n - 5*l + 120 = 0, -5*l + 32 + 61 = 4*n. What are the prime factors of n?
3
Suppose -52 = -4*y - 5*g, 0*g + 32 = 3*y + 2*g. Let x = y + -1. Suppose -k - 5*r = -x, 4*k - 1 = -r + 8. What are the prime factors of k?
2
What are the prime factors of 5/(-3)*(-2 - 13)?
5
Suppose -4*o + 0*o = -192. List the prime factors of o.
2, 3
Suppose 0 = -4*y + 12 - 0. Suppose -4*a + 20 = -2*r, y*a = 3*r - r + 13. What are the prime factors of a?
7
Let l = -2 - -2. Suppose 0 = q - l - 9. What are the prime factors of q?
3
Let z = 158 - 67. List the prime factors of z.
7, 13
Let h(y) be the third derivative of y**4/12 + 2*y**3 + y**2. Let n be h(-9). Let z = n + 19. List the prime factors of z.
13
Suppose -11*n - 76 = -2815. List the prime factors of n.
3, 83
Suppose -2*m - 3*m = 25. Let x(j) = -j**3 - 4*j**2 + 5*j - 1. Let n(y) = -y**3 - 4*y**2 + 5*y. Let q(s) = 4*n(s) - 5*x(s). List the prime factors of q(m).
5
Let n = 56 - -1. List the prime factors of n.
3, 19
Let l be ((-32)/(-6))/(-4)*-6. Let h(u) = 3*u - 11. List the prime factors of h(l).
13
Let c(a) = -a**3 - 9*a**2 - 3*a - 12. List the prime factors of c(-9).
3, 5
Suppose 3*r - 38 = 31. List the prime factors of r.
23
Let b = 2 - -1. Suppose -5*i + 45 = b*x, -7 - 8 = -x + 3*i. What are the prime factors of x?
3, 5
Let v(y) = y**3 + 4*y**2 - y - 2. Let i = 1 - 5. What are the prime factors of v(i)?
2
List the prime factors of 698*(-4 + 7 + 5/(-2)).
349
Let m(h) = 31*h + 2. Let o = 3 + -1. Let d be m(o). Suppose 4*s + 0*s = d. What are the prime factors of s?
2
Suppose 5 = 4*a + 5*q, 0 = -4*a - 2*q + 2. Let l = a + 4. List the prime factors of l - (-1 + 1 + 0).
2
Let i = -19 - -32. Let f = 0 + i. List the prime factors of f.
13
Let k(r) = -1 - r**2 + 2*r**2 - 4 + 4*r. List the prime factors of k(-7).
2
Suppose 459 = 5*m - 316. Suppose -5*u + 53 = 3*d, 5*u = 5*d - 0*u - m. Suppose 2*a + d = 3*v + v, -19 = -2*v - a. What are the prime factors of v?
2
Let m(i) = -i**2 - 17*i + 10. What are the prime factors of m(-15)?
2, 5
Let w be 456/8 - -4*1. Suppose w + 155 = 4*h. What are the prime factors of h?
2, 3
Let t = 467 - 240. List the prime factors of t.
227
Let d = -20 - -7. Let s = -6 - d. List the prime factors of s.
7
List the prime factors of (-286)/11*(1 + (-9)/2).
7, 13
Suppose -7*c + 2*c - 15 = 0. Let r be -3 - (2 + c) - -2. Suppose -o + 2 = -r*o. List the prime factors of o.
2
Let t = 7 + -4. Suppose -6*q + 6 + 12 = 0. Suppose -4 = m + 2*x, 0 = 2*m + t*x + 1 + q. List the prime factors of m.
2
Suppose -6*t + 8*t - 110 = 0. What are the prime factors of t?
5, 11
Let j(f) = -f**2 + 2*f + 3. Let q be j(-3). Let z be 400/q*(-3)/2. Suppose 5*n - z = -0*n. List the prime factors of n.
2, 5
Let f = -317 - -501. What are the prime factors of f?
2, 23
Suppose 5*s - 252 = -4*s. What are the prime factors of s?
2, 7
Suppose -1 - 7 = -2*q. Let k be ((-7)/q)/(6/(-120)). Suppose -k = -5*d + 30. List the prime factors of d.
13
Let q(h) = 2*h + 3. Let c be 102/(-14) - 4/(-14). Let t be q(c). Let d = t + 15. List the prime factors of d.
2
Suppose 5*w - 5*c = -16 + 101, 0 = -w - c + 23. What are the prime factors of w?
2, 5
Suppose 15*c - 64 = 11*c. List the prime factors of c.
2
Let m(b) = -44*b**3 - 2*b**2 + 1. What are the prime factors of m(-1)?
43
Suppose 5*b - 252 + 72 = 0. What are the prime factors of b?
2, 3
Suppose 4*t - 5 = -25. Let f(m) = -m**2 - 7*m - 4. List the prime factors of f(t).
2, 3
List the prime factors of (4 - (-2)/4*-6) + 89.
2, 3, 5
Let r(v) = v**2 + 3*v - 5. Let d be r(-5). Suppose -3*k + 30 = h, -d*h + 6 + 0 = -k. Suppose u = -l - 3*l + k, -4*l = -3*u - 21. List the prime factors of l.
3
Let d = 396 - 681. List the prime factors of (-4)/(-16) + d/(-12).
2, 3
What are the prime factors of 24/(-2 - 4)*335/(-4)?
5, 67
Suppose 0 = -2*v - 2*v + 8. Suppose -v*o = -0*o - 10. List the prime factors of o.
5
Let f be 1 + 114/2 - 3. Suppose -4*d + f + 5 = 0. List the prime factors of d/(-2)*(-28)/35.
2, 3
Let h = 149 + -106. What are the prime factors of h?
43
Suppose 2*k + 2*o - 3 = 9, 3*o = -k + 12. Suppose 2*m - 5 - 10 = -k*b, -4*b - 40 = -4*m. What are the prime factors of m?
3
Suppose -2*o + 11 = 4*r - o, 15 = 5*r + o. Suppose 0 = -5*d - r*u + 21, -4*d + 16 = 4*u - 0. What are the prime factors of d?
5
Let a(f) = 2*f - 13. Let d(k) be the first derivative of k**2/2 - 7*k + 2. Let m(u) = -4*a(u) + 7*d(u). What are the prime factors of m(-7)?
2, 5
List the prime factors of 204/(-9)*18/(-4).
2, 3, 17
Let k(u) = -2*u**3 - 9*u**2 - 9*u - 5. List the prime factors of k(-6).
157
Let q be 454/8 - 1/(-4). Let d = -37 + q. List the prime factors of d.
2, 5
Let m = 458 + -235. List the prime factors of m.
223
Let p(w) = 63*w + 2. List the prime factors of p(6).
2, 5, 19
Suppose 2*a - 1 = 3*q + 1, -5*q + 10 = 0. Suppose 2*u - 102 = -4*d, a*d - 4 = 8. What are the prime factors of u?
3, 5
Suppose 4*a + 50 = 2*f, 0 = -4*f + 2*a + a + 110. Suppose -f = -4*v + 115. What are the prime factors of v?
2, 3
Let h(x) = -x**2 - 5*x + 6. Let z be h(-5). Suppose -z*r = -11*r + 20. Suppose t + 6 = r*t. List the prime factors of t.
2
Let b(n) = n**3 + 3*n**2 - 2*n - 1. Let d be b(-3). Suppose -2*i + 10 = 2*i + 2*q, i - d*q = -3. List the prime factors of i.
2
Suppose 0 = 15*v - 12*v - 426. List the prime factors of v.
2, 71
Suppose 3*n = 8*n + 4*o - 135, 2*n = 5*o + 54. List the prime factors of n.
3
Let m(q) = -q**3 - 7*q**2 + q + 7. Let r be m(-7). Suppose r*p = -p + 14. What are the prime factors of p?
2, 7
Let s be 2 + 0 - 12/(-2). Suppose -4*r + r + 3 = 0. Let k = s - r. List the prime factors of k.
7
What are the prime factors of ((-16)/24)/(4/(-186))?
31
Let z(t) = -t**3 + 10*t**2 - 9*t. Let p be z(9). Suppose 5*u + 3*b - 94 = 0, -2*u + 4*b - 9*b + 30 = p. List the prime factors of u.
2, 5
Suppose 3*y = 3*i, -i - 5 + 11 = 2*y. Suppose i*g - 103 - 5 = 0. Suppose -g - 6 = -3*z. List the prime factors of z.
2, 5
Suppose t + 8 = d + 1, -d = 2*t + 5. Let q = 17 - d. What are the prime factors of q?
2, 7
Let s(v) = -v + 18. Let l be s(0). List the prime factors of l/(-15)*(-5)/2.
3
Let k = 0 + 1. Let g(r) = k + 7 + 1 - r - 3. What are the prime factors of g(0)?
2, 3
Let n(z) = z - 12. Let p(v) = -2*v + 11. Let m(u) = -3*n(u) - 2*p(u). List the prime factors of m(-6).
2
Suppose 3*i = i + 6. Suppose -5*b - i*u + 42 = 0, -5*b + 7*u + 10 = 2*u. What are the prime factors of b?
2, 3
Suppose 5*u + 48 - 143 = 0. Let p = u + -7. Suppose 3*h - p - 18 = 0. What are the prime factors of h?
2, 5
Let r(s) = -16*s + 4*s**2 + 3*s + 2*s**2 - 5 - 5*s**2. List the prime factors of r(15).
5
Let c be ((-28)/(-6))/(2/3). Let v = c + 2. List the prime factors of v.
3
What are the prime factors of (-3)/(-2 + (-28)/(-8)) + 44?
2, 3, 7
Suppose 4*a - 7 = 5*r, -3*a + 6 = -r - 2. Let u = 3 + r. Suppose u*d = -d + 110. What are the prime factors of d?
2, 11
Suppose 0*z - 48 = -z. What are the prime factors of z?
2, 3
Let g = 3 + -1. Suppose 14 - 4 = g*y. List the prime factors of y.
5
Let c(z) = 2*z + 7. Let h(d) = -6*d - 20. Let w(x) = -17*c(x) - 6*h(x). Let p be w(1). Suppose y - 13 = -j, -2*j = -j + p*y - 3. List the prime factors of j.
2, 3
Suppose -2*q - 2*q - 5*t = 6, -1 = 3*q + 2*t. Let r = q + -1. Suppose 3*f - s - 13 = 0, -11 = -5*f - r*s - s. What are the prime factors of f?
3
Let q be (49 - -2)/(15/(-20)). Let o = -41 - q. List the prime factors of o/4 - 6/8.
2, 3
Let g(p) = 14*p + 8. What are the prime factors of g(5)?
2, 3, 13
Let t(i) = 2*i + 5. What are the prime factors of t(2)?
3
Let u = 14 + -10. Suppose u*g + 0*o = o + 49, 0 = 3*g + 3*o - 33. What are the prime factors of g?
2, 3
Let j = -123 + 2